85. Determine b(1).
4
Suppose 4*k - 3 = -11. Let l = k + 9. Let v(r) = -6*r + 44. Let m(a) = -2*a + 15. Let x(q) = -17*m(q) + 6*v(q). Calculate x(l).
-5
Let h = -20 - -22. Let n(p) = -h*p**3 - 14*p + 2*p + 6*p**2 + p**3 - 1 + 9*p. Determine n(5).
9
Let l(d) be the third derivative of d**6/120 - 7*d**5/60 + d**4/3 + d**3 - 3*d**2. Let p be l(5). Let n(i) = 3*i + 2. What is n(p)?
-10
Suppose 0 = -3*u - 6, n + 5*u = 26 + 29. Let h(q) = 69 - n + q**2 - 2*q + q. Give h(-3).
16
Let m(c) = 5*c - 3. Let w = -235 - -234. What is m(w)?
-8
Let g(r) = r + 22. Let z(a) = 2*a + 37. Let x(q) = -5*g(q) + 3*z(q). Determine x(2).
3
Let u(f) = 1. Let z(q) = -2*q - 9. Let p(d) = 2*u(d) + z(d). Let s(k) = -2*k - 7. Let b(i) = 4*p(i) - 5*s(i). What is b(-8)?
-9
Let y(i) = i**2 + 6*i - 4. Let v be 18/21*-1*-7. Let n(q) = 2*q - 3*q + v - 2. Let b be n(10). What is y(b)?
-4
Let n(a) be the second derivative of a**3/6 + 3*a**2/2 - 50*a. Suppose 0 = 3*r + 2*l + 12 - 4, -r + 2*l = 0. Let m be 3 + -2 + (r - 2). Give n(m).
0
Suppose 8*g - 5*u = -8*u + 28, -5*g + 45 = -5*u. Let i(a) = a**3. Let c(h) = 4*h**3 - 7*h**2 + 5*h + 7. Let x(o) = c(o) - 3*i(o). Give x(g).
-18
Let q(l) be the third derivative of -7*l**5/20 + 3*l**2. Calculate q(-1).
-21
Let o(y) be the second derivative of 0 + 6*y + 3*y**2 + 1/60*y**5 - 1/8*y**4 - 2/3*y**3. Let x(j) be the first derivative of o(j). What is x(5)?
6
Let g(s) = 13*s**2 + s**2 - 17*s**2 + 5*s + 2*s**2 - 2. Give g(7).
-16
Let n be 56/24 - 2/6. Let d be (-44)/(-4)*(1 + n). Let z = d + -39. Let q(i) = i**2 + 6*i - 1. What is q(z)?
-1
Let x be (5/10)/(1/16). Let r(i) = -4*i + 4 + 2*i + 2 + 4. Give r(x).
-6
Let m(n) = -n**2 + 6*n - 3. Suppose 0*r - 4*r = 36. Let b(f) = 4*f**3 + f**2. Let z be b(-1). Let u = z - r. What is m(u)?
-3
Let g(i) = -4*i + 17 - 11 + i**2 - 10. Determine g(3).
-7
Suppose u = 4 + 6. Suppose u = -2*r + 3*r. Let o(f) = 1 + r*f + 3*f - f. Calculate o(-1).
-11
Let y(w) = -w**3 + 8*w**2 + w - 10. Let h(a) = a**2 + 4*a + 2. Let x be h(-4). Suppose 10 = -x*l + 26. Give y(l).
-2
Let r(i) = -i**3 - i**2 + i + 2. Let h be r(-2). Let s(n) be the third derivative of 0 - 1/30*n**5 + 0*n + 3*n**2 + 1/2*n**3 + 5/24*n**4. Determine s(h).
-9
Let k(r) = r + 7. Let i(y) = -y**3 + y**2 - y - 1. Suppose 2*h = -3*h + 20. Let z be (4/(-5))/(h/(-10)). Let w be i(z). Calculate k(w).
0
Let h = 3589/14388 - -2/3597. Let u(s) be the first derivative of -8 - 1/2*s**2 - 12*s - h*s**4 - 1/3*s**3. Determine u(0).
-12
Let q(n) = 2*n - 5. Let s(i) = -i + 17. Let t = -2 + 14. Let x be s(t). Suppose 7*l - x*l - 12 = 0. Give q(l).
7
Let r(m) = m**2 - 4*m - 11. Suppose -90 = -24*g + 6*g. Give r(g).
-6
Let d(t) be the third derivative of -t**6/120 + t**5/12 - t**4/12 + 7*t**3/6 + 248*t**2. Give d(5).
-3
Let t(i) = i**3 - 7*i**2 + 4*i + 5. Suppose 0 = 3*r - 50 + 32. Calculate t(r).
-7
Suppose 0 = -3*a + 12, -3*p - 5*a = -18 + 1. Let f be 1/p*-2*(-5)/(-2). Let h(o) = -o**3 + 5*o**2 + 3*o + 1. What is h(f)?
16
Let x(i) = 2*i**3 + i**2 - 2. Suppose 0 = -4*q - m - 2, 5*q = 2*m - 1 - 8. Give x(q).
-3
Let h(i) be the third derivative of 5/24*i**4 + 0 + 0*i + i**2 - 1/2*i**3 + 1/60*i**5. Let p(s) be the first derivative of h(s). Determine p(-5).
-5
Let s(n) = -n**2 + n. Let q be s(2). Let z(h) = 3*h**3 - h**2 + 6*h - 1. Let a(i) = i**3 - i**2 + 2*i. Let g(o) = 2*a(o) - z(o). Determine g(q).
9
Let j(s) be the second derivative of -s**4/12 - 7*s**3/6 + 9*s**2/2 - 65*s. Calculate j(-7).
9
Let f(k) be the first derivative of 2*k**2 - 7*k + 327. Calculate f(-4).
-23
Let h(d) = d**2 - 10*d + 3. Let x be h(9). Let s(i) = -2*i**2 - 2*i. Let p(m) = 5*m**2 - 3*m - 6. Let k(y) = -p(y) - 3*s(y). Give k(x).
-12
Let i be -4 - 4 - (-3 - -1). Let q(b) = b**2 + 2*b - 9. Let h(k) = -k - 2. Let r(l) = 3*h(l) - q(l). Determine r(i).
-3
Let v(g) = 0*g - 4 + 0*g - 4*g + 3*g. Let k(p) be the second derivative of p**4/6 + p**3/6 - p**2 + 4*p. Let n be k(-2). What is v(n)?
-8
Let q(x) = -x**3 + 3*x**2 + 3*x + 4. Let w be 1*8/(-6)*-30. Suppose -4*l - w = -2*c, -24 - 44 = -4*c + 4*l. Let m be c + -8 + -3 + 1. Calculate q(m).
0
Let a(h) = -99*h**3 - 2*h**2 + 2. Let o(n) = -148*n**3 - 3*n**2 + 3. Let z(g) = -7*a(g) + 5*o(g). Calculate z(1).
-47
Let j(w) = w**3 - 12*w**2 + 10*w + 14. Let o be j(11). Let h = 8 - o. Suppose 4*p + 12 = -4*f, -3 = h*f - 3*p + 2*p. Let c(l) = -l**2 + l + 1. What is c(f)?
-1
Let m(u) = -19*u + 2. Let r(b) = -b**3 - 9*b**2 + 8*b + 70. Let k be r(-9). Give m(k).
40
Let f(z) = 5*z**3 + 6*z - 4. Let u(p) = -10*p**3 + 5 + p**2 - 8*p - 3*p**3 + 7*p**3 + p. Let k(a) = -5*f(a) - 4*u(a). Determine k(-3).
-3
Let s(n) = 4*n + 1. Let a(j) = -3*j. Suppose 2*f + 0*f = 4. Suppose -4*u + 13 = -3*t + 2, 3*u - 9 = 2*t. Let q(b) = f*s(b) + t*a(b). What is q(3)?
-1
Let d(v) = 16*v - 14. Let s(z) = -3*z + 3. Let b(y) = -d(y) - 5*s(y). What is b(-10)?
9
Let n = 1 + 12. Let r = -6 + n. Let l(s) be the first derivative of -s**3/3 + 7*s**2/2 - s + 10. Determine l(r).
-1
Suppose w + 6 = -2*w. Let z be (-3)/(-5 - w)*1. Let p(v) = -8*v**3 + 4*v**2 - 1. Let d(j) = 15*j**3 - 9*j**2 + 2. Let a(x) = -2*d(x) - 5*p(x). What is a(z)?
9
Let o(v) be the second derivative of -1/20*v**5 + 3*v**2 + 7*v - 1/3*v**3 + 0 + 7/12*v**4. What is o(7)?
-8
Let n(k) be the third derivative of 0 - 1/10*k**5 + 1/3*k**3 + 0*k - 32*k**2 + 1/12*k**4. Give n(2).
-18
Let o(k) = 0 - k + 5 - 4 - k. Suppose 0 = -a - 3. What is o(a)?
7
Let i(y) = 5 + 5 - 5*y**2 + y - 10. Give i(-1).
-6
Let s(r) = -r - 4. Let k = 26 + -10. Suppose 2*c - k - 6 = 0. Suppose -a + 2*l - c = 0, 2*a - 2*l - l + 18 = 0. Determine s(a).
-1
Suppose 166 = -3*x + 5*y, -2*x + 4*y = -0*y + 108. Let u = -57 - x. Let l(j) = -j**2 + 4*j + 5. What is l(u)?
0
Let r be (4 + -1)*(-4)/(-12). Let k(z) = 5*z**2 - 7*z**2 + 3*z**2 - 1 + 3*z**2 + z. Give k(r).
4
Let j(t) = -t**2 + 3*t - 6. Let k(n) = n - 1. Let z(a) = -j(a) + 4*k(a). Let d be z(0). Let w(f) = f**3 - 2*f**2 - 3*f + 2. Determine w(d).
-4
Let y(r) = 2*r + 1 - 5 + 6. Determine y(5).
12
Suppose -5 = -l - 2. Let c(a) = -27*a**2 - l*a - 7 + 9*a**2 + 17*a**2 + 11*a. Give c(5).
8
Suppose -4*v + 7*v = 27. Let q be (-2)/6*17 - 3/v. Let z(d) = -d + 3. What is z(q)?
9
Let n(r) = -r - 1. Suppose w = 3*l + 3, -2 = -5*l - 2*w + 4. Suppose -2*c + 0*c - 22 = 3*m, l = -c - 5. Let j be m/(-6) + 10/3. Give n(j).
-5
Let l(f) = -f**3 - 2*f**2 + 3*f - 3. Suppose -110 = -40*y - 30. What is l(y)?
-13
Let a(l) = -7*l - 3. Let w(x) = 11*x + 6. Let i(q) = -5*a(q) - 3*w(q). Give i(4).
5
Let q(y) = 3*y**3 - 3*y**2 + 2*y - 3. Suppose -5*z = 5*v - 7*z - 12, 4*v + z = 7. Calculate q(v).
13
Let c(o) = -8*o - 3. Let l(n) = -7*n - 2. Let k(x) = 6*c(x) - 7*l(x). Let b = 155 - 158. Give k(b).
-7
Let p(a) be the first derivative of 3*a**2/2 + 22*a - 72. Calculate p(-11).
-11
Let z be (-105)/(-140) + (-1)/((-8)/26). Let k(b) = b**3 - 4*b**2 - 3*b - 3. What is k(z)?
-15
Let p = -80 - -77. Let b(g) = g**2 + 6*g + 5. Let f be b(-5). Let d(m) = f + m**2 - 2*m - 1 + 4*m. Determine d(p).
2
Let c(f) be the second derivative of f**4/12 - f**3/6 - 3*f**2/2 - 7*f. Let k(d) = -d**3 + 3*d**2 + 6*d - 5. Let r be k(4). Let w = r + -3. Calculate c(w).
-3
Let l be 9/(-3) + 0/(-3). Let i(u) = -u**2 + 10*u - 3. Let v be i(7). Let s(w) = -11*w**2 + 3*w - 5*w**2 - 4 + v*w**2. What is s(l)?
5
Let y(w) be the third derivative of w**5/60 + 7*w**4/24 + w**3/2 + 323*w**2. Suppose -5*f - 26 - 4 = 0. What is y(f)?
-3
Suppose -2*g - b = -0*b + 4, 0 = 2*g + 4*b + 10. Let m be -5*((2 - 3)/1)/g. Let j(v) be the third derivative of -v**4/24 - 7*v**3/6 - 2*v**2. Determine j(m).
-2
Let w(m) = 8*m - 85 - 87 + 173. Let u = -5 + 2. Let z(o) = 15*o + 2. Let p(q) = u*z(q) + 5*w(q). What is p(-2)?
9
Let r(h) = -h**2 - 2*h - 2. Suppose -43*i = -48*i - 20. Give r(i).
-10
Let b be (0 - 1)/(2/(-4)). Let q(i) = -2*i - 4. Let p(c) = -c - 2. Let g(z) = p(z) - q(z). Give g(b).
4
Suppose -5*g = -k + 15, 0*k + k + g = -3. Suppose -2*b - 3*f + 2 = k, b - 5 - 1 = f. Suppose -8 = -b*i - 24. Let m(o) = o**3 + 4*o**2 + 3*o + 5. Determine m(i).
-7
Let b(a) = -a**2 + 9*a + 94. Let s be b(-6). Let r(t) = -t - 9. Give r(s).
-13
Let s = -9 + 8. Let h(y) = 3*y**2 - 12*y - 12. Suppose 0*v + 36 = 3*v. Let g(r) = -r - 1. Let a(u) = v*g(u) - h(u). Determine a(s).
-3
Let u(h) be the third derivative of 